2 + -10051456?
-10051460
In base 6, what is -245225425 + 2?
-245225423
In base 5, what is 0 + -334001312331?
-334001312331
In base 12, what is -41b1940 + -3a?
-41b197a
In base 15, what is 416 + 3e752?
3eb68
In base 13, what is -5128 - -7254?
2129
In base 4, what is -1 + 312000310012?
312000310011
In base 7, what is -516106416 - -25?
-516106361
In base 15, what is 2c843b + 0?
2c843b
In base 9, what is -8634 - 27624?
-37358
In base 13, what is -85 + -b4726?
-b47ab
In base 6, what is 3240 - -15043?
22323
In base 13, what is -838 + 281b6?
2767b
In base 5, what is 42123443341 - 10?
42123443331
In base 6, what is 14515 - 135?
14340
In base 15, what is -c - 1262e?
-1263b
In base 12, what is -10135531 + -1?
-10135532
In base 10, what is 483440 + -16?
483424
In base 16, what is -30 + -411d4?
-41204
In base 14, what is 23 + -a30363?
-a30340
In base 10, what is -172 - 1860542?
-1860714
In base 11, what is 418 + 312918?
313235
In base 5, what is 1 + 32210323333?
32210323334
In base 14, what is -1 + 165009c?
165009b
In base 11, what is -4 - 48037a?
-480383
In base 7, what is 611110 - -650?
612060
In base 15, what is 1717b + -2?
17179
In base 6, what is 530 + 1044114?
1045044
In base 11, what is -7137279 + -2?
-7137280
In base 14, what is -1a + cdab?
cd91
In base 2, what is -1010100101110010000001 + -11?
-1010100101110010000100
In base 11, what is 1870877 - 1?
1870876
In base 11, what is 3 - -59549631?
59549634
In base 7, what is 4023 + -5562?
-1536
In base 10, what is 5308301 - -55?
5308356
In base 13, what is -3621 + -28c?
-38b0
In base 2, what is 100 - -11010000001001001110000?
11010000001001001110100
In base 12, what is -5 - 53b57a8?
-53b57b1
In base 6, what is -24554 - -14020?
-10534
In base 4, what is -22021012321012 + 11?
-22021012321001
In base 14, what is 170478 - 2?
170476
In base 3, what is 22021200021212 + 21?
22021200022010
In base 4, what is -103112 + -220300032?
-221003210
In base 14, what is -c53c2 + -d?
-c53d1
In base 6, what is -252250035 + -3?
-252250042
In base 2, what is 1010110100000 - -10000011100011?
11011010000011
In base 9, what is 18015 - -2847?
21863
In base 15, what is 90b + -2116b?
-20760
In base 16, what is -dd9b9a + -2?
-dd9b9c
In base 7, what is -24005061 - 15?
-24005106
In base 5, what is -1120221012 - 21?
-1120221033
In base 8, what is 151221 + -4?
151215
In base 15, what is 48ac4 - -5?
48ac9
In base 8, what is 2647776056 + 3?
2647776061
In base 9, what is -17001 - -15?
-16875
In base 16, what is 2ca90 + -27?
2ca69
In base 5, what is -233 + -12124124?
-12124412
In base 13, what is 246b8 - a?
246ab
In base 5, what is -40121120 - -14114?
-40102001
In base 8, what is -237656055 - -3?
-237656052
In base 5, what is -1042012403 - -1031?
-1042011322
In base 14, what is -3d73a2 + -6?
-3d73a8
In base 15, what is 53 + -5c1631?
-5c15cd
In base 13, what is -19a954ca - -2?
-19a954c8
In base 6, what is -151452522 + 10?
-151452512
In base 12, what is -5b4b51 - -19?
-5b4b34
In base 11, what is -7 - -3060325?
3060319
In base 10, what is 5 + -16080883?
-16080878
In base 14, what is -16979 + -56?
-169d1
In base 5, what is -332402241 + 2233?
-332400003
In base 7, what is -5 - 153312353?
-153312361
In base 6, what is -5540314 - -532?
-5535342
In base 7, what is 20 + 1463461?
1463511
In base 16, what is 59dc1 + -b8?
59d09
In base 3, what is 2010021 - 1022200?
210121
In base 10, what is -21334 + 74?
-21260
In base 2, what is 110111101001000100100011100 - 10?
110111101001000100100011010
In base 6, what is 25 + -2113210524?
-2113210455
In base 16, what is -2ea35 - 739?
-2f16e
In base 16, what is -b00c0 - -6b?
-b0055
In base 5, what is 330442332442 + 3?
330442333000
In base 8, what is 6311761 - 373?
6311366
In base 16, what is e + 58ffe?
5900c
In base 10, what is -4 + 15629040?
15629036
In base 14, what is -20a035c - -1a?
-20a0342
In base 4, what is -1 - 21011102113?
-21011102120
In base 5, what is -1041214314 - 240?
-1041220104
In base 12, what is -1a + 183944?
183926
In base 11, what is -65994 + -206?
-6609a
In base 6, what is -522 - 4402023?
-4402545
In base 8, what is -442 + -1317351?
-1320013
In base 13, what is -7 - 238bc3?
-238bca
In base 6, what is 133 + 40541552?
40542125
In base 13, what is -1 - 2368a481?
-2368a482
In base 13, what is -5 + 4c8b689?
4c8b684
In base 16, what is 797 + -54c?
24b
In base 9, what is 4676 + 2485?
7272
In base 10, what is -22405 + -1772?
-24177
In base 13, what is 11125 - -127?
1124c
In base 14, what is -c697d - -47?
-c6936
In base 8, what is 3 - 1476053?
-1476050
In base 10, what is -5158 + -266305?
-271463
In base 9, what is 4187657 + 253?
4188021
In base 16, what is 18f462 + 1?
18f463
In base 6, what is -2 - -10244315405?
10244315403
In base 10, what is 1337 + 4205?
5542
In base 10, what is -5850839 + 5?
-5850834
In base 2, what is -1110110011100 - 10111100000?
-10001101111100
In base 11, what is 9598 + 117a?
a767
In base 6, what is -12105050 + -1103?
-12110153
In base 6, what is 11 + 1053121123?
1053121134
In base 2, what is -1010110100000011100 + -101?
-1010110100000100001
In base 7, what is 2116354 - 62?
2116262
In base 9, what is -11515754 + -5?
-11515760
In base 14, what is -c - 1456d8?
-145706
In base 10, what is 2 - 139552815?
-139552813
In base 12, what is -1 - -14849138?
14849137
In base 5, what is 3212242010 + -204?
3212241301
In base 6, what is 3503314301 - 3?
3503314254
In base 5, what is -2310431 + 22431?
-2233000
In base 5, what is 442 + 101441213?
101442210
In base 4, what is 3300023130003 + -11?
3300023123332
In base 8, what is -45 + -6431323?
-6431370
In base 3, what is -211012211202121201 + 1?
-211012211202121200
In base 9, what is 1467 - -40376?
41854
In base 7, what is 11133406453 + -3?
11133406450
In base 3, what is 10220001201 + 20121?
10220022022
In base 6, what is -2441 + -2001?
-4442
In base 14, what is 1b8 - -6504?
66bc
In base 16, what is -2b3 + -bac3?
-bd76
In base 14, what is 19d8 - -2aa1?
4699
In base 11, what is a1371 - -17?
a1388
In base 11, what is -11a582 + 1?
-11a581
In base 8, what is -7474 + 40411?
30715
In base 10, what is -21 + 1954389?
1954368
In base 16, what is -1b - -66d29?
66d0e
In base 7, what is 450356112 + 3?
450356115
In base 9, what is 578118 + 7?
578126
In base 4, what is 1013330313 - 1101?
1013323212
In base 3, what is 2222200200 + 11021112?
10010222012
In base 3, what is 1002102111102211 + -11?
1002102111102200
In base 4, what is -1231233330323 - -1?
-1231233330322
In base 2, what is 110100101011000010 - -100101110?
110100101111110000
In base 14, what is -1 - -3207aa?
3207a9
In base 6, what is 323202442 - 125?
323202313
In base 7, what is 2421310 - 1?
2421306
In base 8, what is 6722041 - -303?
6722344
In base 15, what is 12882b3 + 7?
12882ba
In base 6, what is -10141213005 - 1?
-10141213010
In base 12, what is -1b16 + 4a393?
48479
In base 14, what is 19 - 17751?
-17736
In base 16, what is -230480 + 52?
-23042e
In base 15, what is 376e58 + 22?
376e7a
In base 11, what is -308894 - 581?
-309365
In base 5, what is -11030010131 + 12?
-11030010114
In base 7, what is 402106642 - 4?
402106635
In base 5, what is 24402122313 + -4?
24402122304
In base 2, what is 11 - 1000100010000001000001?
-1000100010000000111110
In base 9, what is -21 - 3655414?
-3655435
In base 7, what is -146213423 + 13?
-146213410
In base 16, what is -921 + -53a5?
-5cc6
In base 14, what is -35747 + -a9?
-35812
In base 15, what is 3bc + -9cc2?
-9905
In base 3, what is -2 - -112200011211011111?
112200011211011102
In base 14, what is -1995 - -2309?
754
In base 16, what is 4f99 - -7b37?
cad0
In base 10, what is 221465 + -835?
220630
In base 5, what is -114433430 - -203?
-114433222
In base 2, what is 1010010001110100111100 + -101100?
1010010001110100010000
In base 10, what is -5 - -1910150?
1910145
In base 15, what is -949c - 643?
-9ae0
In base 5, what is -11201034021 - -4?
-11201034012
In base 3, what is -121110 - 102010021?
-102201201
In base 5, what is 4402211323130 - 10?
4402211323120
In base 8, what is -104 - 56115?
-56221
In base 15, what is 3 + -151536e?
-151536b
In base 9, what is -2708001 + -172?
-2708173
In base 9, what is 0 - 11540638?
-11540638
In base 16, what is df47f5 - 3f?
df47b6
In base 7, what is 6045216263 - -4?
6045216300
In base 12, what is 145 + -171aa2?
-171959
In base 9, wha